 a prime number?
True
Is 72341363 a prime number?
False
Is 1913123 a prime number?
True
Is 69346891 prime?
True
Is 2077079 prime?
False
Is 20815651 prime?
True
Is 38465335 a composite number?
True
Is 101023563 a prime number?
False
Is 43617493 a composite number?
True
Is 3085061 a prime number?
False
Is 16615667 a prime number?
True
Is 10938023 composite?
False
Is 99027967 a prime number?
True
Is 59846467 a composite number?
False
Is 2844631 prime?
False
Is 580367 a prime number?
False
Is 8009809 a prime number?
False
Is 95153722 a composite number?
True
Is 2168917 a composite number?
False
Is 1646791 prime?
False
Is 120852341 a composite number?
False
Is 250011409 a composite number?
False
Is 30410687 composite?
False
Is 37158959 a prime number?
False
Is 185429 a prime number?
True
Is 20077847 a composite number?
True
Is 2143007 a composite number?
True
Is 3582463 prime?
True
Is 38030771 composite?
False
Is 1555093 a prime number?
False
Is 182416567 composite?
False
Is 4564961 composite?
False
Is 200162917 prime?
True
Is 527045587 prime?
True
Is 127718377 composite?
True
Is 120874253 composite?
False
Is 6635407 prime?
True
Is 55141033 composite?
True
Is 7378233 composite?
True
Is 3341363 prime?
True
Is 4879729 composite?
False
Is 551281 a prime number?
True
Is 20893813 prime?
False
Is 3047183 a composite number?
False
Is 455537497 composite?
True
Is 74737643 a prime number?
True
Is 11496871 prime?
True
Is 1109531 a composite number?
False
Is 146574587 a prime number?
True
Is 566231203 composite?
False
Is 90402083 prime?
True
Is 41754803 a composite number?
False
Is 119257927 composite?
True
Is 3117047 composite?
True
Is 451657 prime?
True
Is 185099531 a composite number?
False
Is 5039371 prime?
True
Is 35781811 a prime number?
False
Is 186898453 a prime number?
False
Is 397705741 a composite number?
True
Is 292834 a composite number?
True
Is 137183558 prime?
False
Is 4074839 a prime number?
True
Is 304446491 a prime number?
True
Is 102139082 composite?
True
Is 47392469 a prime number?
True
Is 158256359 prime?
False
Is 158943163 a composite number?
False
Is 12278977 composite?
True
Is 6073969 a composite number?
True
Is 2035813 a prime number?
False
Is 44801921 prime?
True
Is 1315837 a prime number?
True
Is 950050135 composite?
True
Is 528907 prime?
False
Is 3032143 composite?
False
Is 22199253 a composite number?
True
Is 104163 a prime number?
False
Is 19315187 a prime number?
True
Is 3352481 a prime number?
False
Is 180737 composite?
True
Is 5885887 prime?
False
Is 27597181 a prime number?
True
Is 28858877 prime?
False
Is 3923297 composite?
True
Is 24650333 a composite number?
False
Is 1376773 prime?
True
Is 393947 prime?
True
Is 43555519 prime?
False
Is 121039 a prime number?
True
Is 17156359 prime?
False
Is 1054597 a composite number?
False
Is 11011647 composite?
True
Is 81209267 prime?
True
Is 179591 a prime number?
True
Is 4333097 a prime number?
True
Is 31737449 prime?
False
Is 181508987 prime?
False
Is 946167 prime?
False
Is 5033219 a composite number?
False
Is 21663329 a composite number?
False
Is 278366639 composite?
True
Is 57969887 a prime number?
True
Is 1772563 a prime number?
False
Is 4346633 a prime number?
False
Is 243392609 prime?
False
Is 186342493 composite?
False
Is 24941773 a prime number?
True
Is 363047 composite?
False
Is 6210637 a composite number?
False
Is 2473117 a prime number?
False
Is 11400827 prime?
True
Is 379963 a prime number?
True
Is 412994761 a prime number?
True
Is 5874461 a prime number?
False
Is 30159607 composite?
True
Is 127811 a prime number?
False
Is 7425503 a prime number?
True
Is 66572959 composite?
False
Is 3049643 composite?
False
Is 356282453 prime?
True
Is 58939453 prime?
True
Is 85870097 a prime number?
False
Is 659563 a prime number?
True
Is 18235442 a composite number?
True
Is 7480061 composite?
True
Is 2615231 a prime number?
False
Is 172219739 a prime number?
True
Is 17355515 a prime number?
False
Is 162051371 prime?
False
Is 488587 a composite number?
True
Is 68595221 composite?
True
Is 3477433 composite?
True
Is 364554977 composite?
False
Is 237627359 a composite number?
True
Is 344719 a composite number?
False
Is 38710339 a prime number?
True
Is 74399513 a composite number?
True
Is 531946859 composite?
True
Is 4695947 a prime number?
True
Is 375359 a prime number?
True
Is 2983961 a prime number?
True
Is 365547437 composite?
False
Is 5677517 composite?
False
Is 122310317 a composite number?
True
Is 15676481 composite?
False
Is 15561131 a prime number?
True
Is 1496851 a composite number?
True
Is 433458479 prime?
False
Is 133996997 a composite number?
False
Is 9032887 a prime number?
True
Is 364999577 prime?
False
Is 10744957 prime?
False
Is 1561367 a prime number?
True
Is 76712017 a prime number?
True
Is 1892218 composite?
True
Is 1423847 prime?
False
Is 674953 prime?
True
Is 1741569143 a composite number?
False
Is 682181 prime?
False
Is 245914687 a prime number?
True
Is 576161 prime?
True
Is 41877263 prime?
True
Is 3611 prime?
False
Is 5180338 composite?
True
Is 26486321 a prime number?
False
Is 5815981 a composite number?
False
Is 9367973 a prime number?
False
Is 189881149 composite?
True
Is 1778341 a prime number?
True
Is 821402 prime?
False
Is 3046313 a prime number?
False
Is 28599679 composite?
False
Is 566483035 a composite number?
True
Is 83883893 a composite number?
True
Is 503406001 a composite number?
True
Is 56218223 a prime number?
True
Is 3551363 composite?
False
Is 1655531 a composite number?
False
Is 1199963 a composite number?
True
Is 24619699 a prime number?
False
Is 9989509 prime?
True
Is 14853999 a composite number?
True
Is 15042385 prime?
False
Is 29459195 composite?
True
Is 3895711 composite?
True
Is 497247 a composite number?
True
Is 27330629 composite?
True
Is 3369103 composite?
True
Is 332935817 composite?
False
Is 2516771 a composite number?
False
Is 7900481 a composite number?
False
Is 6121889 a prime number?
True
Is 14867201 composite?
False
Is 27216573 a composite number?
True
Is 5950709 a composite number?
False
Is 2441699 composite?
True
Is 2580769 composite?
True
Is 1652671 composite?
False
Is 43341659 composite?
True
Is 43661999 prime?
False
Is 1899203 a prime number?
False
Is 10591754 a composite number?
True
Is 357564755 a composite number?
True
Is 59786845 prime?
False
Is 64845433 a composite number?
False
Is 18418811 a prime number?
False
Is 73418267 a composite number?
True
Is 8368613 prime?
False
Is 1178767 a prime number?
True
Is 3498197 prime?
False
Is 165223 composite?
True
Is 9452711 composite?
False
Is 3909077 composite?
True
Is 2515333 composite?
True
Is 19731683 prime?
True
Is 11361873 prime?
False
Is 76325947 prime?
True
Is 248728957 prime?
False
Is 21718871 prime?
True
Is 14445469 prime?
True
Is 427813 composite?
False
Is 240046701 composite?
True
Is 291559 a composite number?
False
Is 49991483 prime?
True
Is 8552998 a prime number?
False
Is 31994183 composite?
True
Is 9795083 a composite number?
False
Is 2930533 prime?
True
Is 47174027 a composite number?
False
Is 2804993 prime?
True
Is 58117517 a prime number?
True
Is 1374713 a composite number?
False
Is 64001059 a prime number?
True
Is 625763 a prime number?
True
Is 20344369 a prime number?
True
Is 4856669 composite?
False
Is 3448243 a prime number?
True
Is 140643509 composite?
True
Is 161999 a prime number?
True
Is 57277609 composite?
True
Is 90827747 composite?
False
Is 3186659 prime?
False
Is 4099561 prime?
True
Is 109739461 a composite number?
True
Is 3506623 composite?
True
Is 6340843 a prime number?
True
Is 146441311 a composite number?
False
Is 955769 prime?
True
Is 311047 a composite number?
True
Is 1902809 prime?
False
Is 33693947 composite?
True
Is 306022903 prime?
False
Is 33644243 composite?
False
Is 71762333 composite?
False
Is 332006099 prime?
True
Is 3004493 a prime number?
True
Is 24973363 a composite number?
False
Is 18873997 a composite number?
False
Is 3695654 a prime number?
False
Is 2720101 prime?
True
Is 173253037 a prime number?
True
Is 2444881 composite?
False
Is 29038577 prime?
True
Is 6898457 a prime number?
False
Is 12694181 a composite number?
True
Is 5832121 prime?
True
Is 849613 a composite number?
True
Is 729097 prime?
False
Is 38559377 a composite number